False
Does 10 divide 540?
True
Is 61 a factor of 301?
False
Does 63 divide 2520?
True
Does 16 divide 318?
False
Is 141 a factor of 38596?
False
Is 1079 a multiple of 13?
True
Does 13 divide 464?
False
Is 471 a multiple of 18?
False
Is 10625 a multiple of 5?
True
Does 19 divide 2225?
False
Does 133 divide 5421?
False
Does 6 divide 3009?
False
Is 985 a multiple of 5?
True
Is 87 a factor of 1653?
True
Does 14 divide 1214?
False
Is 2 a factor of 11693?
False
Is 84 a multiple of 14?
True
Does 53 divide 4331?
False
Is 1595 a multiple of 66?
False
Does 2 divide 25?
False
Is 8905 a multiple of 4?
False
Is 7257 a multiple of 177?
True
Is 2 a factor of 12820?
True
Does 25 divide 2961?
False
Is 2655 a multiple of 45?
True
Is 107 a multiple of 18?
False
Is 72 a multiple of 13?
False
Is 2154 a multiple of 48?
False
Does 64 divide 8034?
False
Is 1818 a multiple of 48?
False
Is 629 a multiple of 28?
False
Does 11 divide 6369?
True
Is 1295 a multiple of 85?
False
Is 23851 a multiple of 16?
False
Is 16992 a multiple of 24?
True
Is 19 a factor of 3895?
True
Does 11 divide 78?
False
Is 19559 a multiple of 33?
False
Is 27 a factor of 2754?
True
Does 292 divide 9525?
False
Is 13 a factor of 780?
True
Is 22 a factor of 19737?
False
Is 469 a multiple of 6?
False
Is 17 a factor of 918?
True
Is 8 a factor of 11040?
True
Is 6920 a multiple of 5?
True
Is 99 a factor of 9108?
True
Does 56 divide 2002?
False
Is 22 a factor of 374?
True
Is 81103 a multiple of 16?
False
Is 12 a factor of 732?
True
Is 25 a factor of 24323?
False
Does 9 divide 1461?
False
Does 10 divide 11010?
True
Is 4775 a multiple of 7?
False
Is 21 a factor of 11640?
False
Does 23 divide 1453?
False
Is 7735 a multiple of 65?
True
Does 7 divide 345?
False
Does 114 divide 10421?
False
Does 69 divide 355?
False
Is 124484 a multiple of 10?
False
Is 5477 a multiple of 8?
False
Is 420 a multiple of 14?
True
Does 76 divide 1292?
True
Is 30 a factor of 30923?
False
Is 22 a factor of 47014?
True
Is 2706 a multiple of 71?
False
Is 56 a factor of 2499?
False
Is 8 a factor of 410?
False
Does 10 divide 43097?
False
Does 59 divide 280?
False
Does 64 divide 5248?
True
Is 21 a factor of 17850?
True
Is 650 a multiple of 7?
False
Does 40 divide 6921?
False
Does 13 divide 520?
True
Does 17 divide 357?
True
Is 18 a factor of 72?
True
Does 26 divide 34008?
True
Is 30 a factor of 1750?
False
Is 272 a factor of 80888?
False
Is 2920 a multiple of 14?
False
Does 81 divide 2043?
False
Is 33 a factor of 918?
False
Does 48 divide 17702?
False
Is 12 a factor of 5124?
True
Is 21 a factor of 2040?
False
Does 71 divide 2725?
False
Is 19822 a multiple of 117?
False
Is 108 even?
True
Is 20 a factor of 15020?
True
Is 8 a factor of 80?
True
Does 26 divide 692?
False
Is 9406 a multiple of 5?
False
Is 9 a factor of 271?
False
Is 19665 a multiple of 45?
True
Is 13 a factor of 86?
False
Does 4 divide 22888?
True
Is 7030 a multiple of 7?
False
Does 24 divide 28008?
True
Is 1770 a multiple of 15?
True
Is 7950 a multiple of 15?
True
Is 22679 a multiple of 5?
False
Is 28657 a multiple of 17?
False
Is 89 a multiple of 66?
False
Does 53 divide 1113?
True
Is 6 a factor of 649?
False
Does 7 divide 366?
False
Is 40 a factor of 4520?
True
Does 180 divide 5012?
False
Does 9 divide 61578?
True
Is 3546 a multiple of 18?
True
Does 4 divide 960?
True
Does 13 divide 15899?
True
Is 910 a multiple of 10?
True
Is 2210 a multiple of 26?
True
Does 3 divide 639?
True
Is 3262 a multiple of 14?
True
Is 60 a factor of 2820?
True
Is 17437 a multiple of 35?
False
Is 23 a factor of 9338?
True
Does 54 divide 5778?
True
Does 9 divide 625?
False
Is 680 a multiple of 40?
True
Is 36 a factor of 468?
True
Is 3840 a multiple of 32?
True
Does 16 divide 562?
False
Does 21 divide 314?
False
Is 79 a factor of 158?
True
Is 18 a factor of 2826?
True
Is 30 a factor of 12643?
False
Is 4 a factor of 1524?
True
Is 289 a multiple of 15?
False
Is 357 a factor of 6133?
False
Is 105 a factor of 6654?
False
Is 28336 a multiple of 11?
True
Does 116 divide 78068?
True
Is 180 a multiple of 5?
True
Is 224 a factor of 17578?
False
Is 15406 a multiple of 154?
False
Is 5 a factor of 70?
True
Does 42 divide 242?
False
Does 4 divide 4134?
False
Is 7326 a multiple of 33?
True
Is 4 a factor of 2958?
False
Does 79 divide 686?
False
Does 70 divide 1730?
False
Is 430 a multiple of 24?
False
Is 608 a multiple of 2?
True
Is 38 a factor of 84504?
False
Does 35 divide 2341?
False
Is 10764 a multiple of 92?
True
Is 75 a factor of 1195?
False
Does 30 divide 5820?
True
Is 853 a multiple of 53?
False
Does 27 divide 3078?
True
Does 12 divide 19?
False
Does 147 divide 23373?
True
Does 34 divide 612?
True
Does 23 divide 1886?
True
Does 25 divide 10800?
True
Does 5 divide 8995?
True
Is 7800 a multiple of 150?
True
Does 17 divide 3162?
True
Does 44 divide 440?
True
Does 17 divide 45118?
True
Does 167 divide 8851?
True
Is 53 a factor of 28710?
False
Is 1768 a multiple of 17?
True
Is 55 a factor of 4566?
False
Is 1749 a multiple of 11?
True
Is 11544 a multiple of 104?
True
Does 69 divide 5541?
False
Is 1164 a multiple of 97?
True
Is 11 a factor of 25546?
False
Is 36783 a multiple of 90?
False
Is 7536 a multiple of 51?
False
Is 76416 a multiple of 24?
True
Does 6 divide 464?
False
Is 930 a multiple of 4?
False
Is 22517 a multiple of 89?
True
Is 37 a factor of 14164?
False
Does 11 divide 3410?
True
Is 127968 a multiple of 129?
True
Does 4 divide 2880?
True
Is 639 a multiple of 107?
False
Does 28 divide 952?
True
Is 18 a factor of 73907?
False
Is 121 a multiple of 3?
False
Is 2142 a multiple of 34?
True
Is 1677 a multiple of 20?
False
Is 25 a factor of 200?
True
Is 9 a factor of 1657?
False
Does 7 divide 13?
False
Is 678 a multiple of 113?
True
Is 3393 a multiple of 13?
True
Is 12 a factor of 2142?
False
Is 111854 a multiple of 119?
False
Does 5 divide 250?
True
Is 38 a factor of 456?
True
Is 7 a factor of 140?
True
Does 7 divide 1008?
True
Is 24758 a multiple of 3?
False
Is 3 a factor of 174?
True
Is 1132 a multiple of 60?
False
Is 6 a factor of 5883?
False
Does 11 divide 58?
False
Is 3610 a multiple of 10?
True
Is 8 a factor of 37172?
False
Is 5 a factor of 10792?
False
Does 81 divide 1858?
False
Is 4 a factor of 546?
False
Is 36 a factor of 6048?
True
Is 107404 a multiple of 312?
False
Is 30 a factor of 107675?
False
Does 3 divide 27?
True
Does 33 divide 2739?
True
Is 5640 a multiple of 8?
True
Is 448 a multiple of 9?
False
Does 12 divide 2592?
True
Does 28 divide 1008?
True
Does 44 divide 3960?
True
Is 48 a factor of 144?
True
Is 13 a factor of 2657?
False
Is 16254 a multiple of 21?
True
Does 4 divide 10761?
False
Is 2 a factor of 2302?
True
Does 42 divide 1134?
True
Is 60 a factor of 2580?
True
Is 41 a factor of 738?
True
Does 64 divide 576?
True
Does 21 divide 462?
True
Is 43 a factor of 15072?
False
Is 1321 a multiple of 2?
False
Is 19 a factor of 19?
True
Is 1521 a multiple of 64?
False
Is 543 a multiple of 41?
False
Is 103 a factor of 4453?
False
Is 37 a factor of 2120?
False
Is 882 a multiple of 7?
True
Does 4 divide 691?
False
Is 7 a factor of 65?
False
Does 25 divide 3950?
True
Is 16470 a multiple of 54?
True
Does 124 divide 3414?
False
Is 3220 a multiple of 35?
True
Is 50 a factor of 1150?
True
Is 204 a factor of 3468?
True
Does 8 divide 2360?
True
Does 239 divide 11233?
True
Is 11968 a multiple of 32?
True
Does 40 divide 5480?
True
Does 2 divide 45?
False
Is 10 a factor of 925?
False
Is 8486 a multiple of 6?
False
Is 5230 a multiple of 5?
True
Is 6969 a multiple of 14?
False
Does 22 divide 14058?
True
Is 347 a multiple of 25?
False
Is 4 a factor of 972?
True
Is 46 a multiple of 23?
True
Does 16 divide 117230?
False
Is 15132 a multiple of 57?
False
Is 34 a factor of 37036?
False
Is 3608 a multiple of 88?
True
Does 52 divide 11700?
True
Is 15 a factor of 1625?
False
Is 22 a factor of 10807?
False
Is 44 a factor of 17468?
True
Does 7 divide 1196?
False
Is 17 a factor of 71?
False
Is 29 a factor of 261?
True
Is 111 a factor of 13320?
True
Does 96 divide 979?
False
Does 31 divide 18916?
False
Is 7349 a multiple of 49?
False
Is 153 a multiple of 3?
True
Does 26 divide 3172?
True
Is 10 a factor of 1150?
True
Is 4 a factor of 8?
True
Is 39 a factor of 8970?
True
Is 22 a factor of 648?
False
Is 1881 a multiple of 57